{"id":7,"date":"2024-02-28T07:44:59","date_gmt":"2024-02-28T06:44:59","guid":{"rendered":"https:\/\/laguaridadelalleira.com\/?page_id=7"},"modified":"2024-03-08T11:47:02","modified_gmt":"2024-03-08T10:47:02","slug":"la-guarida-de-la-lleira","status":"publish","type":"page","link":"https:\/\/laguaridadelalleira.com\/","title":{"rendered":"La Guarida de la Lleira"},"content":{"rendered":"\n<p>Descubre el refugio perfecto en Ferreras de Arriba, Zamora. La Guarida de la Lleira te ofrece una experiencia \u00fanica de alojamiento rural con la calidez de 8 habitaciones exclusivas, desayuno incluido y la bienvenida a tu mascota. Vive la naturaleza y la tranquilidad sin dejar de lado a tu compa\u00f1ero fiel.<\/p>\n\n\n\n<p>En el coraz\u00f3n de la Culebra<\/p>\n\n\n\n<p>Bienvenido a La Guarida de la Lleira, tu escapada rural ideal en el coraz\u00f3n de Ferreras de Arriba, Zamora. En nuestro hotel, cada detalle est\u00e1 pensado para ofrecerte una estancia relajante y reconfortante lejos del bullicio de la ciudad. Con solo 8 habitaciones, garantizamos una experiencia \u00edntima y personalizada, asegurando que tu descanso sea tan exclusivo como acogedor.<\/p>\n\n\n\n<p>En La Guarida de la Lleira, creemos que las ma\u00f1anas deben comenzar con lo mejor, por eso el desayuno est\u00e1 incluido para todos nuestros hu\u00e9spedes. Preparado con productos locales, cada bocado te acercar\u00e1 m\u00e1s a la esencia de Zamora.<\/p>\n\n\n\n<p>Sabemos lo importante que es para muchos viajar con sus mascotas. Por ello, nos enorgullece ser uno de los pocos hoteles rurales en la regi\u00f3n que permite a los hu\u00e9spedes compartir su habitaci\u00f3n con sus amigos de cuatro patas. Aqu\u00ed, tu mascota es tan bienvenida como t\u00fa.<\/p>\n\n\n\n<p>Explora los alrededores con tranquilidad, sum\u00e9rgete en la naturaleza, y al final del d\u00eda, regresa a la calidez y confort de La Guarida de la Lleira. Estamos comprometidos en hacer de tu estancia una experiencia inolvidable, donde la paz del campo y la hospitalidad se encuentran.<\/p>\n","protected":false},"excerpt":{"rendered":"<p>Una experiencia \u00fanica de alojamiento rural con la calidez de 10 habitaciones exclusivas, desayuno incluido y la bienvenida a tu mascota. Vive la naturaleza y la tranquilidad sin dejar de lado a tu compa\u00f1ero fiel<\/p>\n","protected":false},"author":1,"featured_media":0,"parent":0,"menu_order":0,"comment_status":"closed","ping_status":"closed","template":"template-frontpage.php","meta":{"_coblocks_attr":"","_coblocks_dimensions":"","_coblocks_responsive_height":"","_coblocks_accordion_ie_support":"","footnotes":""},"class_list":["post-7","page","type-page","status-publish","hentry"],"aioseo_notices":[],"jetpack_sharing_enabled":true,"_links":{"self":[{"href":"https:\/\/laguaridadelalleira.com\/index.php\/wp-json\/wp\/v2\/pages\/7","targetHints":{"allow":["GET"]}}],"collection":[{"href":"https:\/\/laguaridadelalleira.com\/index.php\/wp-json\/wp\/v2\/pages"}],"about":[{"href":"https:\/\/laguaridadelalleira.com\/index.php\/wp-json\/wp\/v2\/types\/page"}],"author":[{"embeddable":true,"href":"https:\/\/laguaridadelalleira.com\/index.php\/wp-json\/wp\/v2\/users\/1"}],"replies":[{"embeddable":true,"href":"https:\/\/laguaridadelalleira.com\/index.php\/wp-json\/wp\/v2\/comments?post=7"}],"version-history":[{"count":3,"href":"https:\/\/laguaridadelalleira.com\/index.php\/wp-json\/wp\/v2\/pages\/7\/revisions"}],"predecessor-version":[{"id":10,"href":"https:\/\/laguaridadelalleira.com\/index.php\/wp-json\/wp\/v2\/pages\/7\/revisions\/10"}],"wp:attachment":[{"href":"https:\/\/laguaridadelalleira.com\/index.php\/wp-json\/wp\/v2\/media?parent=7"}],"curies":[{"name":"wp","href":"https:\/\/api.w.org\/{rel}","templated":true}]}}